{"id":523,"date":"2021-09-01T10:49:41","date_gmt":"2021-09-01T10:49:41","guid":{"rendered":"https:\/\/balilight.lt\/?post_type=product&#038;p=523"},"modified":"2026-02-25T17:40:02","modified_gmt":"2026-02-25T15:40:02","slug":"prieskoniu-trintuvas","status":"publish","type":"product","link":"https:\/\/balilight.lt\/?product=prieskoniu-trintuvas","title":{"rendered":"Prieskoni\u0173 trintuvas"},"content":{"rendered":"<p>Up\u0117s akmens prieskoni\u0173 trintuvas, tvirtas, rimtas, ilgaam\u017eis, prieskoni\u0173 trintuvas.<\/p>\n<p>Pagamintas Bali saloje, vietini\u0173 amatinink\u0173 rankomis.<\/p>\n<p>&nbsp;<\/p>\n","protected":false},"excerpt":{"rendered":"<p>Up\u0117s akmens prieskoni\u0173 trintuvas, tvirtas, rimtas, ilgaam\u017eis, prieskoni\u0173 trintuvas. Pagamintas Bali saloje, vietini\u0173 amatinink\u0173 rankomis. &nbsp;<\/p>\n","protected":false},"featured_media":524,"template":"","meta":[],"product_brand":[],"product_cat":[29],"product_tag":[],"class_list":{"0":"post-523","1":"product","2":"type-product","3":"status-publish","4":"has-post-thumbnail","6":"product_cat-interjero-detales","8":"first","9":"instock","10":"taxable","11":"shipping-taxable","12":"purchasable","13":"product-type-simple"},"_links":{"self":[{"href":"https:\/\/balilight.lt\/index.php?rest_route=\/wp\/v2\/product\/523","targetHints":{"allow":["GET"]}}],"collection":[{"href":"https:\/\/balilight.lt\/index.php?rest_route=\/wp\/v2\/product"}],"about":[{"href":"https:\/\/balilight.lt\/index.php?rest_route=\/wp\/v2\/types\/product"}],"wp:featuredmedia":[{"embeddable":true,"href":"https:\/\/balilight.lt\/index.php?rest_route=\/wp\/v2\/media\/524"}],"wp:attachment":[{"href":"https:\/\/balilight.lt\/index.php?rest_route=%2Fwp%2Fv2%2Fmedia&parent=523"}],"wp:term":[{"taxonomy":"product_brand","embeddable":true,"href":"https:\/\/balilight.lt\/index.php?rest_route=%2Fwp%2Fv2%2Fproduct_brand&post=523"},{"taxonomy":"product_cat","embeddable":true,"href":"https:\/\/balilight.lt\/index.php?rest_route=%2Fwp%2Fv2%2Fproduct_cat&post=523"},{"taxonomy":"product_tag","embeddable":true,"href":"https:\/\/balilight.lt\/index.php?rest_route=%2Fwp%2Fv2%2Fproduct_tag&post=523"}],"curies":[{"name":"wp","href":"https:\/\/api.w.org\/{rel}","templated":true}]}}