{"id":459,"date":"2021-08-31T11:08:54","date_gmt":"2021-08-31T11:08:54","guid":{"rendered":"https:\/\/balilight.lt\/?post_type=product&#038;p=459"},"modified":"2024-12-16T20:40:25","modified_gmt":"2024-12-16T18:40:25","slug":"jurzoles-kilimas","status":"publish","type":"product","link":"https:\/\/balilight.lt\/?product=jurzoles-kilimas","title":{"rendered":"J\u016br\u017eol\u0117s kilimas 120 cm"},"content":{"rendered":"<p>Labai tvirti, labai patvarus j\u016br\u017eol\u0117s kilimai. Nebijo dr\u0117gmes, gali b\u016bti terasoje, balkone, vonioje.<\/p>\n<p>&nbsp;<\/p>\n","protected":false},"excerpt":{"rendered":"<p>Labai tvirti, labai patvarus j\u016br\u017eol\u0117s kilimai. Nebijo dr\u0117gmes, gali b\u016bti terasoje, balkone, vonioje. &nbsp;<\/p>\n","protected":false},"featured_media":466,"template":"","meta":[],"product_brand":[],"product_cat":[29],"product_tag":[],"class_list":{"0":"post-459","1":"product","2":"type-product","3":"status-publish","4":"has-post-thumbnail","6":"product_cat-interjero-detales","8":"first","9":"instock","10":"taxable","11":"shipping-taxable","12":"purchasable","13":"product-type-variable","14":"has-default-attributes"},"_links":{"self":[{"href":"https:\/\/balilight.lt\/index.php?rest_route=\/wp\/v2\/product\/459","targetHints":{"allow":["GET"]}}],"collection":[{"href":"https:\/\/balilight.lt\/index.php?rest_route=\/wp\/v2\/product"}],"about":[{"href":"https:\/\/balilight.lt\/index.php?rest_route=\/wp\/v2\/types\/product"}],"wp:featuredmedia":[{"embeddable":true,"href":"https:\/\/balilight.lt\/index.php?rest_route=\/wp\/v2\/media\/466"}],"wp:attachment":[{"href":"https:\/\/balilight.lt\/index.php?rest_route=%2Fwp%2Fv2%2Fmedia&parent=459"}],"wp:term":[{"taxonomy":"product_brand","embeddable":true,"href":"https:\/\/balilight.lt\/index.php?rest_route=%2Fwp%2Fv2%2Fproduct_brand&post=459"},{"taxonomy":"product_cat","embeddable":true,"href":"https:\/\/balilight.lt\/index.php?rest_route=%2Fwp%2Fv2%2Fproduct_cat&post=459"},{"taxonomy":"product_tag","embeddable":true,"href":"https:\/\/balilight.lt\/index.php?rest_route=%2Fwp%2Fv2%2Fproduct_tag&post=459"}],"curies":[{"name":"wp","href":"https:\/\/api.w.org\/{rel}","templated":true}]}}