{"id":433,"date":"2021-08-30T15:25:16","date_gmt":"2021-08-30T12:25:16","guid":{"rendered":"https:\/\/balilight.lt\/?post_type=product&#038;p=433"},"modified":"2022-12-01T16:54:30","modified_gmt":"2022-12-01T14:54:30","slug":"stalinis-sviestuvas-keturi","status":"publish","type":"product","link":"https:\/\/balilight.lt\/?product=stalinis-sviestuvas-keturi","title":{"rendered":"Stalinis \u0161viestuvas Keturi"},"content":{"rendered":"<p>Nat\u016bralaus tikmed\u017eio kojos ir jaukus \u0161viesus gaubtas.<\/p>\n","protected":false},"excerpt":{"rendered":"<p>Nat\u016bralaus tikmed\u017eio kojos ir jaukus \u0161viesus gaubtas.<\/p>\n","protected":false},"featured_media":434,"template":"","meta":[],"product_brand":[],"product_cat":[31],"product_tag":[],"class_list":{"0":"post-433","1":"product","2":"type-product","3":"status-publish","4":"has-post-thumbnail","6":"product_cat-staliniai-sviestuvai-ir-torserai","8":"first","9":"instock","10":"taxable","11":"shipping-taxable","12":"purchasable","13":"product-type-simple"},"_links":{"self":[{"href":"https:\/\/balilight.lt\/index.php?rest_route=\/wp\/v2\/product\/433","targetHints":{"allow":["GET"]}}],"collection":[{"href":"https:\/\/balilight.lt\/index.php?rest_route=\/wp\/v2\/product"}],"about":[{"href":"https:\/\/balilight.lt\/index.php?rest_route=\/wp\/v2\/types\/product"}],"wp:featuredmedia":[{"embeddable":true,"href":"https:\/\/balilight.lt\/index.php?rest_route=\/wp\/v2\/media\/434"}],"wp:attachment":[{"href":"https:\/\/balilight.lt\/index.php?rest_route=%2Fwp%2Fv2%2Fmedia&parent=433"}],"wp:term":[{"taxonomy":"product_brand","embeddable":true,"href":"https:\/\/balilight.lt\/index.php?rest_route=%2Fwp%2Fv2%2Fproduct_brand&post=433"},{"taxonomy":"product_cat","embeddable":true,"href":"https:\/\/balilight.lt\/index.php?rest_route=%2Fwp%2Fv2%2Fproduct_cat&post=433"},{"taxonomy":"product_tag","embeddable":true,"href":"https:\/\/balilight.lt\/index.php?rest_route=%2Fwp%2Fv2%2Fproduct_tag&post=433"}],"curies":[{"name":"wp","href":"https:\/\/api.w.org\/{rel}","templated":true}]}}