{"id":431,"date":"2021-08-30T15:22:40","date_gmt":"2021-08-30T15:22:40","guid":{"rendered":"https:\/\/balilight.lt\/?post_type=product&#038;p=431"},"modified":"2022-11-03T13:04:17","modified_gmt":"2022-11-03T11:04:17","slug":"stalinis-sviestuvas-piramide","status":"publish","type":"product","link":"https:\/\/balilight.lt\/?product=stalinis-sviestuvas-piramide","title":{"rendered":"Stalinis \u0161viestuvas Piramid\u0117"},"content":{"rendered":"<p>Balintas tikmedis, rai\u017eytas rankomis Balio saloje, unikalus. Jaukus ap\u0161vietimas.<\/p>\n","protected":false},"excerpt":{"rendered":"<p>Balintas tikmedis, rai\u017eytas rankomis Balio saloje, unikalus. Jaukus ap\u0161vietimas.<\/p>\n","protected":false},"featured_media":432,"template":"","meta":[],"product_brand":[],"product_cat":[31],"product_tag":[],"class_list":{"0":"post-431","1":"product","2":"type-product","3":"status-publish","4":"has-post-thumbnail","6":"product_cat-staliniai-sviestuvai-ir-torserai","8":"first","9":"instock","10":"taxable","11":"shipping-taxable","12":"purchasable","13":"product-type-simple"},"_links":{"self":[{"href":"https:\/\/balilight.lt\/index.php?rest_route=\/wp\/v2\/product\/431","targetHints":{"allow":["GET"]}}],"collection":[{"href":"https:\/\/balilight.lt\/index.php?rest_route=\/wp\/v2\/product"}],"about":[{"href":"https:\/\/balilight.lt\/index.php?rest_route=\/wp\/v2\/types\/product"}],"wp:featuredmedia":[{"embeddable":true,"href":"https:\/\/balilight.lt\/index.php?rest_route=\/wp\/v2\/media\/432"}],"wp:attachment":[{"href":"https:\/\/balilight.lt\/index.php?rest_route=%2Fwp%2Fv2%2Fmedia&parent=431"}],"wp:term":[{"taxonomy":"product_brand","embeddable":true,"href":"https:\/\/balilight.lt\/index.php?rest_route=%2Fwp%2Fv2%2Fproduct_brand&post=431"},{"taxonomy":"product_cat","embeddable":true,"href":"https:\/\/balilight.lt\/index.php?rest_route=%2Fwp%2Fv2%2Fproduct_cat&post=431"},{"taxonomy":"product_tag","embeddable":true,"href":"https:\/\/balilight.lt\/index.php?rest_route=%2Fwp%2Fv2%2Fproduct_tag&post=431"}],"curies":[{"name":"wp","href":"https:\/\/api.w.org\/{rel}","templated":true}]}}