{"id":1843,"date":"2023-05-21T21:18:04","date_gmt":"2023-05-21T18:18:04","guid":{"rendered":"https:\/\/balilight.lt\/?post_type=product&#038;p=1843"},"modified":"2026-01-23T10:28:11","modified_gmt":"2026-01-23T08:28:11","slug":"dryzuotas-jurzoles-stalinis-sviestuvas","status":"publish","type":"product","link":"https:\/\/balilight.lt\/?product=dryzuotas-jurzoles-stalinis-sviestuvas","title":{"rendered":"Dry\u017euotas j\u016br\u017eol\u0117s stalinis \u0161viestuvas"},"content":{"rendered":"<p>Dry\u017euotas j\u016br\u017eol\u0117s stalinis \u0161viestuvas.<br \/>\nPagamintas Bali saloje.<\/p>\n","protected":false},"excerpt":{"rendered":"<p>Dry\u017euotas j\u016br\u017eol\u0117s stalinis \u0161viestuvas. Pagamintas Bali saloje.<\/p>\n","protected":false},"featured_media":1844,"template":"","meta":[],"product_brand":[],"product_cat":[31,19],"product_tag":[],"class_list":{"0":"post-1843","1":"product","2":"type-product","3":"status-publish","4":"has-post-thumbnail","6":"product_cat-staliniai-sviestuvai-ir-torserai","7":"product_cat-sviestuvai-tikmedzio-boho-ratano","9":"first","10":"instock","11":"sale","12":"taxable","13":"shipping-taxable","14":"purchasable","15":"product-type-simple"},"_links":{"self":[{"href":"https:\/\/balilight.lt\/index.php?rest_route=\/wp\/v2\/product\/1843","targetHints":{"allow":["GET"]}}],"collection":[{"href":"https:\/\/balilight.lt\/index.php?rest_route=\/wp\/v2\/product"}],"about":[{"href":"https:\/\/balilight.lt\/index.php?rest_route=\/wp\/v2\/types\/product"}],"wp:featuredmedia":[{"embeddable":true,"href":"https:\/\/balilight.lt\/index.php?rest_route=\/wp\/v2\/media\/1844"}],"wp:attachment":[{"href":"https:\/\/balilight.lt\/index.php?rest_route=%2Fwp%2Fv2%2Fmedia&parent=1843"}],"wp:term":[{"taxonomy":"product_brand","embeddable":true,"href":"https:\/\/balilight.lt\/index.php?rest_route=%2Fwp%2Fv2%2Fproduct_brand&post=1843"},{"taxonomy":"product_cat","embeddable":true,"href":"https:\/\/balilight.lt\/index.php?rest_route=%2Fwp%2Fv2%2Fproduct_cat&post=1843"},{"taxonomy":"product_tag","embeddable":true,"href":"https:\/\/balilight.lt\/index.php?rest_route=%2Fwp%2Fv2%2Fproduct_tag&post=1843"}],"curies":[{"name":"wp","href":"https:\/\/api.w.org\/{rel}","templated":true}]}}