{"id":1825,"date":"2023-05-21T21:00:28","date_gmt":"2023-05-21T18:00:28","guid":{"rendered":"https:\/\/balilight.lt\/?post_type=product&#038;p=1825"},"modified":"2026-01-23T10:32:27","modified_gmt":"2026-01-23T08:32:27","slug":"tikmedzio-saku-torseras","status":"publish","type":"product","link":"https:\/\/balilight.lt\/?product=tikmedzio-saku-torseras","title":{"rendered":"Tikmed\u017eio \u0161ak\u0173 tor\u0161eras"},"content":{"rendered":"<p>Nuostabus balintos tikmed\u017eio tor\u0161eras.<br \/>\nAuk\u0161tis 150 cm<\/p>\n","protected":false},"excerpt":{"rendered":"<p>Nuostabus balintos tikmed\u017eio tor\u0161eras. Auk\u0161tis 150 cm<\/p>\n","protected":false},"featured_media":1827,"template":"","meta":[],"product_brand":[],"product_cat":[31,19],"product_tag":[],"class_list":{"0":"post-1825","1":"product","2":"type-product","3":"status-publish","4":"has-post-thumbnail","6":"product_cat-staliniai-sviestuvai-ir-torserai","7":"product_cat-sviestuvai-tikmedzio-boho-ratano","9":"first","10":"instock","11":"sale","12":"taxable","13":"shipping-taxable","14":"purchasable","15":"product-type-simple"},"_links":{"self":[{"href":"https:\/\/balilight.lt\/index.php?rest_route=\/wp\/v2\/product\/1825","targetHints":{"allow":["GET"]}}],"collection":[{"href":"https:\/\/balilight.lt\/index.php?rest_route=\/wp\/v2\/product"}],"about":[{"href":"https:\/\/balilight.lt\/index.php?rest_route=\/wp\/v2\/types\/product"}],"wp:featuredmedia":[{"embeddable":true,"href":"https:\/\/balilight.lt\/index.php?rest_route=\/wp\/v2\/media\/1827"}],"wp:attachment":[{"href":"https:\/\/balilight.lt\/index.php?rest_route=%2Fwp%2Fv2%2Fmedia&parent=1825"}],"wp:term":[{"taxonomy":"product_brand","embeddable":true,"href":"https:\/\/balilight.lt\/index.php?rest_route=%2Fwp%2Fv2%2Fproduct_brand&post=1825"},{"taxonomy":"product_cat","embeddable":true,"href":"https:\/\/balilight.lt\/index.php?rest_route=%2Fwp%2Fv2%2Fproduct_cat&post=1825"},{"taxonomy":"product_tag","embeddable":true,"href":"https:\/\/balilight.lt\/index.php?rest_route=%2Fwp%2Fv2%2Fproduct_tag&post=1825"}],"curies":[{"name":"wp","href":"https:\/\/api.w.org\/{rel}","templated":true}]}}