{"id":1800,"date":"2023-05-21T18:55:24","date_gmt":"2023-05-21T15:55:24","guid":{"rendered":"https:\/\/balilight.lt\/?post_type=product&#038;p=1800"},"modified":"2025-05-08T13:00:32","modified_gmt":"2025-05-08T10:00:32","slug":"smilkalai-12-h","status":"publish","type":"product","link":"https:\/\/balilight.lt\/?product=smilkalai-12-h","title":{"rendered":"Smilkalai 12 h"},"content":{"rendered":"<p>Smilkalai nat\u016brali\u0173 Balio g\u0117li\u0173, viena lazdel\u0117 smilksta iki 12 val. storis kaip cigaro, ilgai reikia kaitinti kol \u012fsidegs. De\u017eut\u0117j\u0117 3 vnt. smilkal\u0173.<\/p>\n","protected":false},"excerpt":{"rendered":"<p>Smilkalai nat\u016brali\u0173 Balio g\u0117li\u0173, viena lazdel\u0117 smilksta iki 12 val. storis kaip cigaro, ilgai reikia kaitinti kol \u012fsidegs. De\u017eut\u0117j\u0117 3 vnt. smilkal\u0173.<\/p>\n","protected":false},"featured_media":1801,"template":"","meta":[],"product_brand":[],"product_cat":[41],"product_tag":[],"class_list":{"0":"post-1800","1":"product","2":"type-product","3":"status-publish","4":"has-post-thumbnail","6":"product_cat-smilkalai-sandalmedzio-agarmedzio-medaus-geliu","8":"first","9":"instock","10":"taxable","11":"shipping-taxable","12":"purchasable","13":"product-type-simple"},"_links":{"self":[{"href":"https:\/\/balilight.lt\/index.php?rest_route=\/wp\/v2\/product\/1800","targetHints":{"allow":["GET"]}}],"collection":[{"href":"https:\/\/balilight.lt\/index.php?rest_route=\/wp\/v2\/product"}],"about":[{"href":"https:\/\/balilight.lt\/index.php?rest_route=\/wp\/v2\/types\/product"}],"wp:featuredmedia":[{"embeddable":true,"href":"https:\/\/balilight.lt\/index.php?rest_route=\/wp\/v2\/media\/1801"}],"wp:attachment":[{"href":"https:\/\/balilight.lt\/index.php?rest_route=%2Fwp%2Fv2%2Fmedia&parent=1800"}],"wp:term":[{"taxonomy":"product_brand","embeddable":true,"href":"https:\/\/balilight.lt\/index.php?rest_route=%2Fwp%2Fv2%2Fproduct_brand&post=1800"},{"taxonomy":"product_cat","embeddable":true,"href":"https:\/\/balilight.lt\/index.php?rest_route=%2Fwp%2Fv2%2Fproduct_cat&post=1800"},{"taxonomy":"product_tag","embeddable":true,"href":"https:\/\/balilight.lt\/index.php?rest_route=%2Fwp%2Fv2%2Fproduct_tag&post=1800"}],"curies":[{"name":"wp","href":"https:\/\/api.w.org\/{rel}","templated":true}]}}