{"id":1671,"date":"2023-05-14T16:41:03","date_gmt":"2023-05-14T13:41:03","guid":{"rendered":"https:\/\/balilight.lt\/?post_type=product&#038;p=1671"},"modified":"2026-01-25T12:57:55","modified_gmt":"2026-01-25T10:57:55","slug":"raktu-pakabukas-dekoracija","status":"publish","type":"product","link":"https:\/\/balilight.lt\/?product=raktu-pakabukas-dekoracija","title":{"rendered":"Rakt\u0173 pakabukas &#8211; dekoracija"},"content":{"rendered":"<p>Rakt\u0173 pakabukas &#8211; dekoracija.<br \/>\nNat\u016bralios kriaukl\u0117s ir j\u016br\u017eol\u0117.<br \/>\nDydis apie 20 cm<\/p>\n","protected":false},"excerpt":{"rendered":"<p>Rakt\u0173 pakabukas &#8211; dekoracija. Nat\u016bralios kriaukl\u0117s ir j\u016br\u017eol\u0117. Dydis apie 20 cm<\/p>\n","protected":false},"featured_media":1672,"template":"","meta":[],"product_brand":[],"product_cat":[33,29,48],"product_tag":[],"class_list":{"0":"post-1671","1":"product","2":"type-product","3":"status-publish","4":"has-post-thumbnail","6":"product_cat-dekoro-detales","7":"product_cat-interjero-detales","8":"product_cat-sienos-dekoracijos","10":"first","11":"instock","12":"sale","13":"taxable","14":"shipping-taxable","15":"purchasable","16":"product-type-simple"},"_links":{"self":[{"href":"https:\/\/balilight.lt\/index.php?rest_route=\/wp\/v2\/product\/1671","targetHints":{"allow":["GET"]}}],"collection":[{"href":"https:\/\/balilight.lt\/index.php?rest_route=\/wp\/v2\/product"}],"about":[{"href":"https:\/\/balilight.lt\/index.php?rest_route=\/wp\/v2\/types\/product"}],"wp:featuredmedia":[{"embeddable":true,"href":"https:\/\/balilight.lt\/index.php?rest_route=\/wp\/v2\/media\/1672"}],"wp:attachment":[{"href":"https:\/\/balilight.lt\/index.php?rest_route=%2Fwp%2Fv2%2Fmedia&parent=1671"}],"wp:term":[{"taxonomy":"product_brand","embeddable":true,"href":"https:\/\/balilight.lt\/index.php?rest_route=%2Fwp%2Fv2%2Fproduct_brand&post=1671"},{"taxonomy":"product_cat","embeddable":true,"href":"https:\/\/balilight.lt\/index.php?rest_route=%2Fwp%2Fv2%2Fproduct_cat&post=1671"},{"taxonomy":"product_tag","embeddable":true,"href":"https:\/\/balilight.lt\/index.php?rest_route=%2Fwp%2Fv2%2Fproduct_tag&post=1671"}],"curies":[{"name":"wp","href":"https:\/\/api.w.org\/{rel}","templated":true}]}}