{"id":1569,"date":"2022-12-15T17:53:38","date_gmt":"2022-12-15T15:53:38","guid":{"rendered":"https:\/\/balilight.lt\/?post_type=product&#038;p=1569"},"modified":"2023-02-04T12:23:35","modified_gmt":"2023-02-04T10:23:35","slug":"dovanu-kuponas","status":"publish","type":"product","link":"https:\/\/balilight.lt\/?product=dovanu-kuponas","title":{"rendered":"Dovan\u0173 kuponas"},"content":{"rendered":"<p>Dovan\u0173 kuponas J\u016bs\u0173 pasirinktai sumai. Galioja visam BaliLight parduotuv\u0117s asortimentui.<br \/>\nKuponas galiojimas 6 m\u0117n nuo \u012fsigijimo dienos.<br \/>\nDovan\u0173 kupon\u0105 siun\u010diame per pa\u0161tomatus, kaip fizin\u012f kupon\u0105.<\/p>\n<p>&nbsp;<\/p>\n","protected":false},"excerpt":{"rendered":"<p>Dovan\u0173 kuponas J\u016bs\u0173 pasirinktai sumai. Galioja visam BaliLight parduotuv\u0117s asortimentui. Kuponas galiojimas 6 m\u0117n nuo \u012fsigijimo dienos. Dovan\u0173 kupon\u0105 siun\u010diame per pa\u0161tomatus, kaip fizin\u012f&#8230;<\/p>\n","protected":false},"featured_media":1580,"template":"","meta":[],"product_brand":[],"product_cat":[29],"product_tag":[],"class_list":{"0":"post-1569","1":"product","2":"type-product","3":"status-publish","4":"has-post-thumbnail","6":"product_cat-interjero-detales","8":"first","9":"instock","10":"purchasable","11":"product-type-variable"},"_links":{"self":[{"href":"https:\/\/balilight.lt\/index.php?rest_route=\/wp\/v2\/product\/1569","targetHints":{"allow":["GET"]}}],"collection":[{"href":"https:\/\/balilight.lt\/index.php?rest_route=\/wp\/v2\/product"}],"about":[{"href":"https:\/\/balilight.lt\/index.php?rest_route=\/wp\/v2\/types\/product"}],"wp:featuredmedia":[{"embeddable":true,"href":"https:\/\/balilight.lt\/index.php?rest_route=\/wp\/v2\/media\/1580"}],"wp:attachment":[{"href":"https:\/\/balilight.lt\/index.php?rest_route=%2Fwp%2Fv2%2Fmedia&parent=1569"}],"wp:term":[{"taxonomy":"product_brand","embeddable":true,"href":"https:\/\/balilight.lt\/index.php?rest_route=%2Fwp%2Fv2%2Fproduct_brand&post=1569"},{"taxonomy":"product_cat","embeddable":true,"href":"https:\/\/balilight.lt\/index.php?rest_route=%2Fwp%2Fv2%2Fproduct_cat&post=1569"},{"taxonomy":"product_tag","embeddable":true,"href":"https:\/\/balilight.lt\/index.php?rest_route=%2Fwp%2Fv2%2Fproduct_tag&post=1569"}],"curies":[{"name":"wp","href":"https:\/\/api.w.org\/{rel}","templated":true}]}}