{"id":1076,"date":"2022-06-02T13:32:30","date_gmt":"2022-06-02T10:32:30","guid":{"rendered":"https:\/\/balilight.lt\/?post_type=product&#038;p=1076"},"modified":"2023-07-20T16:37:20","modified_gmt":"2023-07-20T13:37:20","slug":"jurzoles-padekliukas","status":"publish","type":"product","link":"https:\/\/balilight.lt\/?product=jurzoles-padekliukas","title":{"rendered":"J\u016br\u017eol\u0117s pad\u0117kliukas"},"content":{"rendered":"<p>Stalo pad\u0117kliukas arba sienos dekoracija<\/p>\n<p>Didelio pad\u0117kliuko skersmuo 55 cm<br \/>\nMa\u017eesnio pad\u0117kliuko skersmuo 46 cm<\/p>\n","protected":false},"excerpt":{"rendered":"<p>Stalo pad\u0117kliukas arba sienos dekoracija Didelio pad\u0117kliuko skersmuo 55 cm Ma\u017eesnio pad\u0117kliuko skersmuo 46 cm<\/p>\n","protected":false},"featured_media":1078,"template":"","meta":[],"product_brand":[],"product_cat":[33,29],"product_tag":[],"class_list":{"0":"post-1076","1":"product","2":"type-product","3":"status-publish","4":"has-post-thumbnail","6":"product_cat-dekoro-detales","7":"product_cat-interjero-detales","9":"first","10":"instock","11":"taxable","12":"shipping-taxable","13":"purchasable","14":"product-type-variable"},"_links":{"self":[{"href":"https:\/\/balilight.lt\/index.php?rest_route=\/wp\/v2\/product\/1076","targetHints":{"allow":["GET"]}}],"collection":[{"href":"https:\/\/balilight.lt\/index.php?rest_route=\/wp\/v2\/product"}],"about":[{"href":"https:\/\/balilight.lt\/index.php?rest_route=\/wp\/v2\/types\/product"}],"wp:featuredmedia":[{"embeddable":true,"href":"https:\/\/balilight.lt\/index.php?rest_route=\/wp\/v2\/media\/1078"}],"wp:attachment":[{"href":"https:\/\/balilight.lt\/index.php?rest_route=%2Fwp%2Fv2%2Fmedia&parent=1076"}],"wp:term":[{"taxonomy":"product_brand","embeddable":true,"href":"https:\/\/balilight.lt\/index.php?rest_route=%2Fwp%2Fv2%2Fproduct_brand&post=1076"},{"taxonomy":"product_cat","embeddable":true,"href":"https:\/\/balilight.lt\/index.php?rest_route=%2Fwp%2Fv2%2Fproduct_cat&post=1076"},{"taxonomy":"product_tag","embeddable":true,"href":"https:\/\/balilight.lt\/index.php?rest_route=%2Fwp%2Fv2%2Fproduct_tag&post=1076"}],"curies":[{"name":"wp","href":"https:\/\/api.w.org\/{rel}","templated":true}]}}