{"id":1065,"date":"2022-06-02T12:55:14","date_gmt":"2022-06-02T09:55:14","guid":{"rendered":"https:\/\/balilight.lt\/?post_type=product&#038;p=1065"},"modified":"2026-01-22T19:41:15","modified_gmt":"2026-01-22T17:41:15","slug":"jurzoles-ir-dziuto-krepsys","status":"publish","type":"product","link":"https:\/\/balilight.lt\/?product=jurzoles-ir-dziuto-krepsys","title":{"rendered":"J\u016br\u017eol\u0117s ir d\u017eiuto krep\u0161ys"},"content":{"rendered":"<p>Labai gra\u017eus, patvarus, nebijantys dr\u0117gmes.<\/p>\n<p>Skersmuo 42 cm, auk\u0161tis 32 cm<\/p>\n","protected":false},"excerpt":{"rendered":"<p>Labai gra\u017eus, patvarus, nebijantys dr\u0117gmes. Skersmuo 42 cm, auk\u0161tis 32 cm<\/p>\n","protected":false},"featured_media":1066,"template":"","meta":[],"product_brand":[],"product_cat":[29,20],"product_tag":[],"class_list":{"0":"post-1065","1":"product","2":"type-product","3":"status-publish","4":"has-post-thumbnail","6":"product_cat-interjero-detales","7":"product_cat-krepsiai-jurzole-bananulapai","9":"first","10":"outofstock","11":"taxable","12":"shipping-taxable","13":"purchasable","14":"product-type-simple"},"_links":{"self":[{"href":"https:\/\/balilight.lt\/index.php?rest_route=\/wp\/v2\/product\/1065","targetHints":{"allow":["GET"]}}],"collection":[{"href":"https:\/\/balilight.lt\/index.php?rest_route=\/wp\/v2\/product"}],"about":[{"href":"https:\/\/balilight.lt\/index.php?rest_route=\/wp\/v2\/types\/product"}],"wp:featuredmedia":[{"embeddable":true,"href":"https:\/\/balilight.lt\/index.php?rest_route=\/wp\/v2\/media\/1066"}],"wp:attachment":[{"href":"https:\/\/balilight.lt\/index.php?rest_route=%2Fwp%2Fv2%2Fmedia&parent=1065"}],"wp:term":[{"taxonomy":"product_brand","embeddable":true,"href":"https:\/\/balilight.lt\/index.php?rest_route=%2Fwp%2Fv2%2Fproduct_brand&post=1065"},{"taxonomy":"product_cat","embeddable":true,"href":"https:\/\/balilight.lt\/index.php?rest_route=%2Fwp%2Fv2%2Fproduct_cat&post=1065"},{"taxonomy":"product_tag","embeddable":true,"href":"https:\/\/balilight.lt\/index.php?rest_route=%2Fwp%2Fv2%2Fproduct_tag&post=1065"}],"curies":[{"name":"wp","href":"https:\/\/api.w.org\/{rel}","templated":true}]}}