{"id":1056,"date":"2022-06-02T12:52:00","date_gmt":"2022-06-02T09:52:00","guid":{"rendered":"https:\/\/balilight.lt\/?post_type=product&#038;p=1056"},"modified":"2026-03-03T13:49:07","modified_gmt":"2026-03-03T11:49:07","slug":"jurzoles-ir-juodo-dziuto-krepsiai","status":"publish","type":"product","link":"https:\/\/balilight.lt\/?product=jurzoles-ir-juodo-dziuto-krepsiai","title":{"rendered":"J\u016br\u017eol\u0117s ir juodo d\u017eiuto krep\u0161iai"},"content":{"rendered":"<p>Patvarus, gra\u017eus ir nebijantys dr\u0117gmes.<\/p>\n<p>Didelis krep\u0161ys skersmuo 37 cm, auk\u0161tis 45<br \/>\nVidutinis krep\u0161ys skersmuo 35 cm, auk\u0161tis 42 cm<br \/>\nMa\u017eas krep\u0161ys skersmuo 32 cm, auk\u0161tis 38 cm<\/p>\n","protected":false},"excerpt":{"rendered":"<p>Patvarus, gra\u017eus ir nebijantys dr\u0117gmes. Didelis krep\u0161ys skersmuo 37 cm, auk\u0161tis 45 Vidutinis krep\u0161ys skersmuo 35 cm, auk\u0161tis 42 cm Ma\u017eas krep\u0161ys skersmuo 32&#8230;<\/p>\n","protected":false},"featured_media":1058,"template":"","meta":[],"product_brand":[],"product_cat":[29,20],"product_tag":[],"class_list":{"0":"post-1056","1":"product","2":"type-product","3":"status-publish","4":"has-post-thumbnail","6":"product_cat-interjero-detales","7":"product_cat-krepsiai-jurzole-bananulapai","9":"first","10":"instock","11":"taxable","12":"shipping-taxable","13":"purchasable","14":"product-type-variable"},"_links":{"self":[{"href":"https:\/\/balilight.lt\/index.php?rest_route=\/wp\/v2\/product\/1056","targetHints":{"allow":["GET"]}}],"collection":[{"href":"https:\/\/balilight.lt\/index.php?rest_route=\/wp\/v2\/product"}],"about":[{"href":"https:\/\/balilight.lt\/index.php?rest_route=\/wp\/v2\/types\/product"}],"wp:featuredmedia":[{"embeddable":true,"href":"https:\/\/balilight.lt\/index.php?rest_route=\/wp\/v2\/media\/1058"}],"wp:attachment":[{"href":"https:\/\/balilight.lt\/index.php?rest_route=%2Fwp%2Fv2%2Fmedia&parent=1056"}],"wp:term":[{"taxonomy":"product_brand","embeddable":true,"href":"https:\/\/balilight.lt\/index.php?rest_route=%2Fwp%2Fv2%2Fproduct_brand&post=1056"},{"taxonomy":"product_cat","embeddable":true,"href":"https:\/\/balilight.lt\/index.php?rest_route=%2Fwp%2Fv2%2Fproduct_cat&post=1056"},{"taxonomy":"product_tag","embeddable":true,"href":"https:\/\/balilight.lt\/index.php?rest_route=%2Fwp%2Fv2%2Fproduct_tag&post=1056"}],"curies":[{"name":"wp","href":"https:\/\/api.w.org\/{rel}","templated":true}]}}